 - -18 - (1 + -9))?
-36
What is (-44 - 8 - -35) + (7 - (-56 + 5))?
41
What is the value of (-3 - -1) + 106 + (-8 - 45) + 64?
115
-6 - (5 + -1 + 0 + 0 + (-1009 - -1036))
-37
Calculate -1052 + 1049 + -40 + -6 + 4.
-45
Calculate (-33 - (-5 - 15)) + 2 + -11.
-22
What is the value of 1246 + -1243 + (-8 - 1)?
-6
What is the value of (10 - 2) + (293 + -57 - 155)?
89
-112 - -85 - 3 - -32
2
-23 + 23 + -18 + -2 + 57
37
Evaluate -33 + (-10 - (0 - 2)) + (1935 - 1919).
-25
What is (-6 - 2) + 24 + (6 - 32 - -10)?
0
Calculate -16 + 25 + 9 + 0 - -8.
26
-370 - -367 - (-1 + (2 - 3 - -6) + 4)
-11
What is the value of -2 + 41 + -30 - -3 - (1 - -114)?
-103
What is the value of (-49 + 80 - 68) + 65?
28
What is the value of -16 + -73 + -23 + 182?
70
What is the value of 21 + -13 + 10 + -15 - 10?
-7
(-71 + 133 - (39 + -14)) + -3 + -11
23
-1655 - -1554 - (-14 - 0)
-87
What is the value of (-3 - (-24 - -22)) + -10 + 6?
-5
What is 60 + -42 + 56 - 29?
45
Calculate 93 + (-86 - -93 - (-8 - 16)).
124
What is -2 - (-9 + 4) - (52 - 95 - -27)?
19
1 + -3 + -11 + (-5 - -11) + (65 - 17)
41
Evaluate -12 + 34 + 3 + (-27 - -11) + -61.
-52
19 + (51 - 53) + -14 - (-1 + -67)
71
What is the value of (-20 - -100 - -30) + -8?
102
Calculate (51 - 0) + -83 + 60.
28
(-5 - -10) + -3 - -11 - (-29 - 9)
51
45 + -3 - -3 - (23 - 24 - 11)
57
What is 3091 + -3214 + (106 - 4)?
-21
Evaluate 121 - ((-1 - -8 - 32) + 39).
107
Evaluate (3 - 0 - -8) + 58 + (-95 - -44).
18
What is -12 + (-3 + -11 - -14) + 29?
17
-27 + (-15 - (-28 - (-9 - 45)))
-68
Calculate (11 - (-7 + 16 - -7) - -10) + 4.
9
Calculate (2 - 10) + (16 - 4) - 5 - -42.
41
Calculate 6 + -95 - (-207 + 40).
78
Evaluate 11 - 25 - (38 - 52) - (2 - -3).
-5
Calculate (0 + -4 - -10) + -109 + 99.
-4
14 + (45 - -11) + -13
57
Calculate (-85 - (-186 - -129)) + (-1 + 2 - 2) + 1.
-28
Calculate (-28 - (138 + -117 - (34 - 0))) + -57.
-72
What is -84 + (69 - 12) + -40?
-67
Evaluate (-1 - (-2 - 1)) + -215 + (348 - 120).
15
What is 31 - (-23 - (-6 + -39))?
9
What is 8 - (8 + 10) - (8 - 12 - -17 - 3)?
-20
What is the value of 2 - 3 - (-18 - -2) - (-42 + -6 + 42)?
21
Calculate (-14 - -52) + -1 - (-7 - (-17 - -11)).
38
Calculate (-2 - 31) + 898 + -935 + 46 + 0.
-24
Evaluate -151 - (-300 + 152) - (0 + -27).
24
(4 - (18 + -11 + 3)) + (2 - -17)
13
What is -1 - ((-14 - -22) + (49 - 5) + -15)?
-38
Calculate (122 - (90 + 3)) + -68.
-39
Calculate -13 + (1 - -11 - (-173 - -184)) - (9 - 145).
124
(45 - 4) + (-10 + 16 - 27 - -12)
32
What is -29 + (12 - (-34 + -4))?
21
(-18 - (-49 + 13) - 25) + -55
-62
What is the value of (-49 - -1) + (-4 + 38 - (-55 - -86))?
-45
Calculate 11 + 113 + -122 + 6 + -3 + 25.
30
Evaluate -81 - 0 - (1814 - 1840).
-55
-151 + 23 + -14 + 5 - ((-9 - -18) + -15)
-131
What is the value of 1 + (-28 - -78) + -4?
47
What is (-3 - 8 - -10) + (0 - 91) + (-1401 - -1404)?
-89
Evaluate -8 + (-26 - 102 - -73).
-63
What is -36 + 22 + -24 - (6 - -1)?
-45
(-3 - 14 - -2) + 10 + 11 + -16 + -8
-18
What is the value of -57 - (31 + 4 + (-27 - 13))?
-52
Calculate (-1 + -3 - -9) + (-315 - -299).
-11
Evaluate 1 + -16 + -22 - (70 - 125).
18
-120 - (16 + (14 - (-4 - -14) - 39))
-101
Calculate 17 - (-22 - -3 - (-49 - -73)).
60
72 + (-19 + 2 + 17 - 11)
61
What is (-2 - 12) + -54 + 55 - -6 - (-32 + -13)?
38
(-6 - -8) + 2 - (13 - (-4 + 8)) - 22
-27
0 + -1 + 41 + (18 - 2) - (-50 + 60)
46
Calculate -1 + -7 + (-64 - -83) - (0 + 21) - -53.
43
What is the value of -6 + -2 - (87 - (-7 - (19 + -53)))?
-68
What is -10 + (-2 - (2 - -9)) - (11 - 3)?
-31
Evaluate (10 - (20 + -4)) + 9 + -10 + (66 - -8).
67
Calculate 1 - (9 + 8 - 24 - 3).
11
Evaluate -81 + (33 + -4 - -36).
-16
What is -28 - (-37 + 48 + (-20 - -5 - -1))?
-25
What is the value of 12719 + -12749 - (1 - 60)?
29
What is the value of 5 + 3 + (-6 - ((1 - 11) + 0))?
12
What is -16 + (34 - 14) - (5 + 4 - -19)?
-24
Evaluate -78 + 37 + 53 - (1 + (41 - 2)).
-28
What is the value of (4 - -1) + (1 - -62) + -12?
56
Calculate 22 - ((129 - 25) + -29).
-53
What is (17 - (17 - 14)) + -13 + 42?
43
Evaluate (8 - (-10 - (-47 + 19))) + 67.
57
Calculate -144 + 23 + (-47 - -68) + -48.
-148
Evaluate 15 - (-2 + 1 - 0) - (-75 - -102).
-11
What is the value of 13 - ((20 - 8 - 2) + 27 + -33)?
9
(-7 - (-32 + -3) - 7) + 18
39
What is -29 + -115 + (180 - 21)?
15
Calculate -38 - (10 + -50 + 23 + 2).
-23
Evaluate -31 + 8 + -58 + -8 + 1 + 4.
-84
What is the value of (-755 - -831) + (-120 - -5)?
-39
What is (-35 + -8 - 7) + 63?
13
What is (-86 + -78 - -95) + -6 + 16?
-59
What is the value of 0 - 10 - (1 - -6 - (28 - 3))?
8
Calculate -43 + (64 - 38 - 12).
-29
What is the value of (-71 - (-243 + 42)) + (1 - -2) + (-3 - 3)?
127
Evaluate 436 + -365 + -9 + -115.
-53
Evaluate (4595 - 4765) + 1 + 132.
-37
What is -105 - (-19 - (-43 + (78 - 38)))?
-89
What is the value of 110 + 103 + -166 + -96?
-49
What is -504 + 568 + (-8 - 110)?
-54
Calculate (2 - (5 - 14)) + -24 + (0 - -58).
45
Calculate 14 - 5 - (30 - (-6 + 9 + 69)).
51
What is the value of (80 - 163) + 81 - (38 - -3)?
-43
(-1 - (3 - 15)) + -18 + 1 - 17
-23
What is the value of (26 - (1 - 0)) + (55 - (3 + 41))?
36
(13 - (3 + -5)) + 628 + -656 - -12
-1
1 - (-4 + (4 - -3) + -5 - 11)
14
-45 + 8 + (-1 - (-2 + -2)) + 10
-24
What is the value of (-305 + 294 - (-3 - 0)) + (56 - -3 - 1)?
50
-7 + 21 + (-15 - -17) + 4
20
What is the value of 2 - (-13 + (-15 - -28)) - (-37 - 0)?
39
What is -4 - (0 - -2 - (217 - 163 - (22 - 0)))?
26
56 - 28 - 36 - 10 - 10
-28
-16 + 99 + -110 + -4
-31
What is 867 + -870 + -12 + 1 - -85?
71
Calculate 10 - (4 + 9 - -5 - -4) - (0 - -4).
-16
What is 32 + -51 + (1 - -3) + 51?
36
What is -27 - (-77 - -151 - 54)?
-47
Calculate -22 + (20 - -55) + 4.
57
What is -3 + -19 + 34 - 9 - (28 + -3)?
-22
Evaluate 13 + -1 + (-79 - (35 + -72)).
-30
What is (41 - ((22 - 16) + -6)) + -8?
33
What is the value of 15 + -45 + (12 + -41 - -68)?
9
What is -23 + 4 + (-7 + 0 - (-671 + 656))?
-11
Calculate 0 + 6 - (-47 + 55 + -42).
40
Evaluate 2 + (13 - -66 - (16 + -14 - 3)).
82
What is -69 - (-76 + (45 - 2))?
-36
Calculate -67 + 121 - (4 - (-2 - -3)) - (14 + -1).
38
What is the value of 23 + (-47 - -27) + (-1 - (9 + 1)) + -27?
-35
What is -93 - (114 + -115) - -40?
-52
Calculate (-3 - -2 - -3) + -11 + (-72 + 21 - -89).
29
What is the value of 23 - ((1 - -9 - -143) + 6 - 13)?
-123
19 + (29 - 12) - 31 - -6
11
What is -5 + 98 + -231 + 210?
72
What is 4 - (-1 + 2 - ((-73 - 22) + 85))?
-7
What is the value of (-16 - -27) + 0 + -6 + 4 + (3 - 2)?
10
What is 60 - (28 - 58 - -33 - 11)?
68
What is 62 - 44 - (89 + 5 - -2)?
-78
Calculate -2963 + 2923 + (113 - (0 + 5)).
68
Evaluate 39 + -84 + 52 + 0 + 16.
23
What is 0 + -10 - (150 + -161 + (-4 - 28))?
33
What is 1453 + -1495 - (9 + -1 + 0)?
-50
What is -6 - (-3 + 23 + -15) - -41?
30
1 - (2 - (3 + 1)) - (-52 + 104)
-49
What is 4 + -3 + -4 + 27 + -27 + (2 - -16)?
15
What is -124 - -2 - (-648 - -555)?
-29
Evaluate -1 + 1 + -75 - (-15 + 23 + -15 + -4).
-64
What is the value of 10 - (-5 + -2 - -8) - (22 + 2)?
-15
What is 66 + 1 + -1 - -2 - (-151 + -11 + 170)?
60
Calculate (11 - 14) + (-8 + 4 + 6 - -87) - 2.
84
What is the value of 14 + ((6 - (-4 + -5)) + -44 - -13)?
-2
Calculate 21 - 13 - (-3 - -19) - (-5 + -33).
30
Evaluate 6 + -7 + (-50 - -53) - 13 - 65.
-76
Calculate 1 + 20 - (-98 + 118 - -36).
-35
105 - 108 - (1 + 0 + 5 + 40 + 0)
-49
What is the value of 457 + -432 - (0 - -40) - -96?
81
What is -46 - -2 - ((-10 - 8) + 19 + -4)?
-41
Calculate (7 - (-14 + 22 - (-20 + 17))) + 23.
19
Calculate -30 + -1 + 20 + 274 + -307.
-44
-8 + (68 - 1) + (5 - ((12 - 14) + 5))
61
What is the value of -17 + -8 + -7 + 46?
14
Evaluate -49 - -1 - (-8693 + 8627).
18
What is the value of -12 + (0 - -16 - (76 - 74)) + 34 + 11?
47
(-2 - (8 - 5)) + 19 + -7 + (-17 - -1)
-9
What is (-5 - (1 + -2)) + (45 + -58 - -38) + -3?
18
Evaluate -34 - (44 + (-30 - -4) + 8).
-60
Calculate -19 - (-841 - -874 - (0 - -66)).
14
Calculate 1 - -15 - (-53 + 9 - -9) - -6.
57
Evaluate 8 - (-30 - (61 + -17 + -181)).
-99
Calculate 9 + (-7 + 20 + -39 + -19 - (0 - -1)).
-37
Evaluate 48 + -124 - -96 - 11.
9
What is the value of 28 - (-36 + 66 + -183) - 36?
145
What is -10 + (2 - ((-8 - -35) + -8))?
-27
-108 - (-1 + (12 - -4) + 25 + -25 - 22)
-101
29 - ((115 - 79) + (-2 - 9))
4
Evaluate 20 + 8 + (4 - 8) + -5 + 16 + -7.
28
What is the value o